remainder when 46 is divided by z/273 - r/(-13).
6
Let x(h) = -5*h + 180 + 27*h - 12*h**2 + 11*h**2 - 8*h. What is the remainder when x(17) is divided by 67?
62
Let t = 312 - 283. Let h = 19 + t. What is the remainder when 623 is divided by h?
47
Let m(t) = 25*t**2 + 6*t - 3. What is the remainder when m(2) is divided by (-32 - -33)/(0 - 3/(-33))?
10
Let m = -6 + 43. Let y be 407 - (1/2 - 133/38). Suppose 57*a - 16*a = y. What is the remainder when m is divided by a?
7
Let n(r) = 3*r**2 + 27 - 22 - 6*r**2 + 4*r**2 + 3*r. Calculate the remainder when 34 is divided by n(-5).
4
Let n(z) be the first derivative of -2*z**3/3 - 11*z**2/2 + 24*z + 32. What is the remainder when n(-7) is divided by 2?
1
Let v = -27 - -45. Suppose 109 = t - 1. Let i = t + -78. Calculate the remainder when i is divided by v.
14
Let n(p) = p**2 - 9*p - 24. Let x = 46 + -35. Let w be n(x). Calculate the remainder when w*10*11/((-154)/21) is divided by 8.
6
What is the remainder when 93*2/(6 + 0) is divided by 14/91 + (-816)/(-104) + 5?
5
What is the remainder when 262 is divided by 14*5 + (69 - 55)?
10
Let x(j) = 7*j + 662. Calculate the remainder when x(-12) is divided by 67.
42
Let l = -273 + 273. Suppose l = -13*g + 4*g + 270. Calculate the remainder when 118 is divided by g.
28
Suppose 84*f = 21*f - 271071 + 1087299. Calculate the remainder when f is divided by 15.
11
Let m(u) = -u**3 + 10*u**2 + 10*u - 1. Let i(q) = 2*q**3 - q**2 + 1. Let k(f) = -2*i(f) - m(f). Calculate the remainder when k(-4) is divided by 15.
13
Let b be 3 + 4656/(-32)*(-8)/3. Suppose -6*z - 115 = -b. What is the remainder when 321 is divided by z?
45
Let v(i) = -i**3 - 6*i**2 - 2*i - 9. Let d(g) = -g**2 + 5*g + 8. Let p = -43 - -50. Let c be d(p). Calculate the remainder when 8 is divided by v(c).
2
Let t = -4586 + 4630. Calculate the remainder when 310 is divided by t.
2
Suppose -15*c + 2401 = -524. What is the remainder when c is divided by 84?
27
Let v(s) = 25*s**2 - 49*s + 280. Calculate the remainder when v(5) is divided by 308.
44
Let l = 18021 + -17861. What is the remainder when 1104 is divided by l?
144
Suppose 6582 = 14*h - 3867 - 541. Calculate the remainder when 788 is divided by h.
3
Let n = -3429 + 3516. What is the remainder when 1382 is divided by n?
77
Suppose k - 3*k - 2*u = 44, 4*u = -2*k - 54. Let m(l) = l + 16. Let x be m(k). What is the remainder when 4/(12/x) + 220/3 is divided by 19?
16
Let h = -290 - -111. Let g = -163 - h. Calculate the remainder when 73 is divided by g.
9
Let u(o) = -o**2 - 98*o - 1935. Calculate the remainder when u(-59) is divided by 82.
38
Let s = 8 + 105. Let i = -2935 + 2958. Calculate the remainder when s is divided by i.
21
Suppose -135*t - 4632 = -603*t - 1356. What is the remainder when (-39)/6*(-7 + 1) is divided by t?
4
Calculate the remainder when 8226/14 + 9/21 - 3 is divided by 108.
45
Suppose -5*k - 973 = m - 1332, -5*m + 2*k = -1741. What is the remainder when m is divided by 88?
85
Let u(r) = 9*r**2 - r + 3. Let s be (-476)/(-35)*10/(-2). Let w = s + 89. What is the remainder when u(3) is divided by w?
18
Suppose f - 11 - 1 = 0. Let y(c) = 6*c**2 - 40. Let d be y(-14). What is the remainder when d/52 - (-16)/104 is divided by f?
10
What is the remainder when 1329 is divided by (137 - 12/(-4 - -8))/2?
56
Suppose 141*w - 4102 - 4852 + 635 = 0. What is the remainder when 4894 is divided by w?
56
Suppose 5*z - 6542 = -4*w, 10*z - 2*w - 1300 = 9*z. What is the remainder when z is divided by 425?
31
Let s(o) = -o**3 - 7*o**2 - 4*o + 7. Let v be s(-5). Calculate the remainder when 87 is divided by 2/(-7) - v/((-2898)/(-1170)).
6
Let m be 3/4 - 2*(-21)/(-56). Suppose m = -25*d + 14*d + 209. Let b = 145 - 51. What is the remainder when b is divided by d?
18
Let k = 133 - 84. Let b = k + -34. What is the remainder when 102 is divided by b?
12
Let i(u) = u**2 + u + 13. Let o be i(9). Let b = -80 + o. Suppose 0 = 2*f + 2*g - 124, 0 = 4*f - 4*g - 329 + 41. Calculate the remainder when f is divided by b.
21
Suppose 0 = -47*u + 907 + 1349. Suppose 158 - u = 5*t. Suppose 0 = 4*h + 5*s - 42, -7 = 5*s + 3. What is the remainder when t is divided by h?
9
Let q be (-2)/(-2)*-66 - -2. Let d = q - -98. Suppose 261*x - 237*x = 4032. Calculate the remainder when x is divided by d.
32
Let k(c) = -19*c + 15*c**2 - 16*c**2 + 4 + 20*c - c**3. Let o be k(-4). Suppose -o = -9*x + 5*x. Calculate the remainder when x is divided by 8.
4
What is the remainder when 1158*12*(-186)/(-432) is divided by 68?
67
Let o be (3 + (-3 - 1))*-2. Suppose 0 = -o*z - 5*q + 147, 0 = -2*z - 3*q + 6*q + 107. What is the remainder when z is divided by 25?
11
Suppose 3*v - v - 4*b - 136 = 0, 0 = 2*v + 5*b - 127. Calculate the remainder when (-5)/(((-15)/258)/(60/40)) is divided by v.
63
Let i(a) = -5*a + 49. Let z be i(-6). Let p = 120 - z. Calculate the remainder when p is divided by 23.
18
Let c(j) = -210*j - 4. Suppose 45 = -15*l, 6*g + 80 = 8*g - 2*l. What is the remainder when c(-3) is divided by g?
34
Let v(o) = 692*o**2 + 25*o + 59. Calculate the remainder when v(-2) is divided by 5.
2
Let z be (-35)/30 + (3/18 - 0). Let v be (209/(-38))/(z + 330/332). Suppose -227 - v = -6*c. What is the remainder when c is divided by 48?
46
Suppose 2*c - 5*v = -40 + 144, -2*c + v = -88. What is the remainder when 152 is divided by c?
26
Suppose 8*z - 16380 = 15124. Suppose -66 = -14*d + z. What is the remainder when d is divided by 72?
70
Calculate the remainder when 1278 is divided by (-215 + -13)*(16/12 + -3).
138
Suppose -4*i - k + 31 = 0, 0 = 8*i - 4*i - k - 25. Suppose 233 + 112 = 5*w. Let z = w + -38. Calculate the remainder when z is divided by i.
3
Let u = -302 + 305. Suppose -2*c - 54 = -3*c + u*y, 0 = 2*c + 5*y - 97. Calculate the remainder when c is divided by (-19)/(-2) - (-3)/(-6).
6
Suppose -w = w - 2*o - 20, -4*o = -5*w + 48. Calculate the remainder when w is divided by 3/(-4) - -1 - 1178/(-152).
0
Let q(j) = 5*j**3 - 4*j**2 - 8*j + 20. Suppose -4*v - 5*s + 34 = -v, 1 = 2*v - s. Calculate the remainder when q(v) is divided by 35.
25
Let b(o) = o**3 + 18*o**2 + 11*o - 18. Suppose 4*t = 2*h - 204, -h + 5*t + 38 = -64. Let g be (-5)/15*h/2. Calculate the remainder when b(g) is divided by 44.
40
Let b(v) = -2*v**2 + 14*v - 10. Let k = 93 + -88. Calculate the remainder when (-139)/(-5) + 5/25 is divided by b(k).
8
Let m(s) = -s**2 + 5*s + 41. Let r be m(13). Let i = r + 51. Let j(x) = x**3 + 13*x**2 + 10*x. What is the remainder when 93 is divided by j(i)?
21
Let l be (-3)/(-3) - (-858)/(-6). Let b = l - -216. Calculate the remainder when b is divided by 11.
8
Let c = 128 + -85. What is the remainder when (1 + -4)*138/(-2277) + (-911)/(-11) is divided by c?
40
Suppose -10*g + 14*g = -3*c - 28, 3*g = -c - 16. Let m = 0 + 30. What is the remainder when 88*(24/4 + c) is divided by m?
26
Suppose 247*s + 48*s = 3541180. Calculate the remainder when s is divided by 414.
412
Suppose 2*m - 3*z = 3215, 1720 = 4*m + 5*z - 4743. Suppose m + 638 = -5*k. What is the remainder when 87 is divided by (-44)/55*(k/(-4))/(-3)?
27
Suppose l - g = -165, 5*g = -l - 3*l - 696. Let u = -161 - l. Calculate the remainder when 12 is divided by u.
4
Let d(c) = c**3 - 3*c**2 - 25*c + 105. What is the remainder when 1282 is divided by d(6)?
22
Let y = 213 + -184. Calculate the remainder when (-162)/(-4) + 1 - (-45)/18 is divided by y.
15
Let v(f) = -2*f**3 - 3*f + 6. Let w be v(3). Let j be (-12 - -2)/2*w/5. Suppose -5*l + j = -253. What is the remainder when l is divided by 33?
29
Let g = 284 + -214. Let p = -22 + g. What is the remainder when 138 is divided by p?
42
Let b(g) = -g**3 + 7*g**2 + 7*g + 4. Let w be b(8). What is the remainder when -214*w/24*6 is divided by 31?
28
Let p(s) = s**3 + 58*s**2 - 154*s - 5556. Let k = 160 - 59. What is the remainder when k is divided by p(-59)?
3
Let a be (-180)/18*(3 - -1). Let w = 102 + a. Calculate the remainder when w is divided by 22.
18
Suppose x = t + 981, 4*x + 0*x - 3*t - 3920 = 0. What is the remainder when x is divided by 48?
17
Let g(n) = 11*n**2 + 4*n - 14. Let b be 3 + -9 - (4 - 4). What is the remainder when g(b) is divided by 36?
34
Let m be 4*(1 - 18/(-8)) - 2. Suppose -2*j = w - 64, 3*w - m + 17 = 0. What is the remainder when 294 is divided by j?
30
